**2 + 0 - l*c**4 - 1/20*c**5 + 4*c - 4/3*c**3. Calculate h(-6).
7
Let k be (40/(-24))/(1/(-9)). Let g(f) = -15*f**2 + 3*f**2 - 13*f + k + f**3 + f**2. Let d be g(12). Let x(c) = -c**2 + 6*c - 3. Calculate x(d).
6
Let f = -343 + 349. Let m be (8 - f)*-1*(-21)/(-6). Let t(k) = 5 + k - 4 + 3. Determine t(m).
-3
Let t be -4 + -25*51/(-170). Let p(c) be the second derivative of -1/12*c**4 + 0 - 28*c + t*c**2 + 2/3*c**3. What is p(6)?
-5
Let c = 6 - 9. Let y(m) be the second derivative of 5/6*m**3 + 2*m**2 + 57 + 1/6*m**4 + m. What is y(c)?
7
Let t(g) = -5*g - 1. Let j = 70 - 70. Suppose j = -6*z + 18. Suppose z = -3*f + 9. Calculate t(f).
-11
Let s(x) be the first derivative of x**2/2 + 20*x - 148. Let y = -48 - -29. Let c be s(y). Let k(r) = 2*r**3 - r**2. Determine k(c).
1
Let i be -2 + 2*5 - (-962)/481. Let c(p) = -p**3 + 10*p**2 + 6*p - 50. Calculate c(i).
10
Let p(r) = r**3 + 5*r - 7. Let w(s) = 7*s + 28. Let f be w(-4). What is p(f)?
-7
Let f(i) = i - 3. Let j = 2 + -272. Let v be (1 - j/8) + (-23)/(-92). Let w = v + -41. Give f(w).
-9
Let n(l) = -l**2 - 7*l + 7. Suppose -6 = -p + 21. Let m = p - 25. Suppose -2*q - 32 = m*q. Calculate n(q).
-1
Let k(m) = m**3 - 7*m**2 + 7*m + 3. Let f = -90 + 87. Suppose -h + 4*v + 16 = 0, -4*h + 15 = -5*v - 16. Let b be (h + -3)*(-18)/f. Calculate k(b).
9
Let c(x) be the second derivative of -x**5/20 - x**2/2 + 2*x. Let u = -223 + 221. Calculate c(u).
7
Let d(r) = -15*r**3 + 11*r**2 + 117*r - 16. Let n(h) = -7*h**3 + 5*h**2 + 54*h - 8. Let u(t) = 6*d(t) - 13*n(t). Give u(0).
8
Let w(t) be the third derivative of t**4/3 - 17*t**3/6 - 7*t**2 - 2*t + 12. What is w(5)?
23
Let u(k) be the second derivative of -k**5/20 + 4*k**4/3 - 17*k**3/6 + 19*k**2/2 - 184*k - 1. Let i = 45 + -30. Calculate u(i).
-11
Let s(j) be the first derivative of -23*j - 1/3*j**3 + 1/2*j**2 + 1/4*j**4 + 84. What is s(0)?
-23
Let u be 8 - ((-3)/(9/(-16)) + (-248)/(-372)). Let j(z) = -27*z**2 + 2*z - 8. Give j(u).
-112
Let y(w) = 3*w + 28. Let s = -633 - -671. Suppose 98 = -6*f + s. What is y(f)?
-2
Let v(d) = -45 + 3*d**2 + 0*d**2 - 4*d**2 + 537*d - 545*d + 42. Calculate v(-11).
-36
Let g(s) be the first derivative of -s**3/3 - 9*s**2/2 - 20*s + 1983. Give g(-2).
-6
Let x(b) = 8*b**3 - 2*b**2 - 6*b + 15. Let s(k) = 13*k**3 - 6*k**2 - 11*k + 29. Let d(a) = -3*s(a) + 5*x(a). Calculate d(-7).
16
Let n = -94 + 113. Let a(s) = 38*s + 36*s - n - 109*s + 33*s. Give a(-10).
1
Let u(x) = 95*x + 36. Let f(s) = 59*s + 19. Let r(l) = 5*f(l) - 3*u(l). Give r(4).
27
Let m(i) = 24*i**2 + 2*i + 1. Suppose 5*f - 11 - 24 = 0. Suppose -f*h = 11*h - 432. Let r be h/(-15) - 1/(20/(-12)). Determine m(r).
23
Let n(w) be the third derivative of 0 - 3*w**2 - 8*w + 1/24*w**4 + 0*w**3. Give n(6).
6
Let p = -11 + 15. Suppose p*w = 95 - 27. Let b(r) = 4 - w + 13*r + 9 - 12*r. Calculate b(4).
0
Let q(l) = -l**3 - 9*l**2 - 2*l - 11. Let f be (-7 + 41)/(8/(-4) - -4). Suppose 19*t + 18 = f*t. Determine q(t).
7
Let p(g) = -g**2 + 5*g - 11. Let h(n) = n**2 + n. Let x(q) = -2*h(q) - p(q). Let k = 126 - 94. Let m be 6/16 - 236/k - 2. Calculate x(m).
-7
Let l(x) = -19*x**2 + 58*x + 11. Let o(r) = 97*r**2 - 316*r - 57. Let n(h) = -11*l(h) - 2*o(h). What is n(-2)?
65
Let i(h) be the third derivative of h**5/40 + h**4/4 + 28*h**3 - 275*h**2. Let o(r) be the first derivative of i(r). Calculate o(-3).
-3
Let m = 88 - 92. Let r(p) = -p**2 + 7*p - 4. Let y(k) = 3*k**2 - 15*k + 8. Let s(n) = -5*r(n) - 2*y(n). Calculate s(m).
8
Let j be (42/35)/(-1*6/(-20)). Suppose 6*v = 10*v + j. Let z(u) = -3 + 61*u**2 - 2*u + 62*u**2 - 185*u**2 + 58*u**2 + 2. Give z(v).
-3
Let m(k) = -485385 + 8*k + 242687 + 242691. What is m(4)?
25
Suppose -6*t + 5*k = 17, -5*k = -77*t + 78*t + 32. Let h(g) = g**2 + 7*g + 12. Determine h(t).
12
Let i(z) = -6*z**2 + 4*z + 36. Let q(r) = -r**2 + r + 7. Let s(u) = 2*i(u) - 11*q(u). Let n be (-2)/4 + (-100)/(-8). Suppose -n + 36 = -4*f. Calculate s(f).
-23
Let a(b) = 3*b**2 + 32*b - 11. Suppose 2*w + m = -21, 20 = -w + m + 8. Let p be a(w). Let i(q) = -q**2 + 16. Give i(p).
16
Let b(c) = 3*c**2 + 5*c - 2. Suppose 4*o + 12*j - 10*j + 18 = 0, 3*o - 3 = 4*j. Calculate b(o).
10
Suppose 2*p = 14 - 4. Suppose -4*t = -5*b + 38, 0 = p*b + t - 9 - 19. Suppose -2*x + 6 = 3*w - b*x, -5*x = w + 17. Let s(h) = h**2 + 4*h + 2. Give s(w).
-2
Let k(s) = -s + 14. Let w(a) be the first derivative of a**3/3 - 3*a**2/2 + a + 34. Let g be w(5). Determine k(g).
3
Let r be 6312/132 - (-4)/22. Suppose 0 = -r*x + 43*x - 30. Let d(p) = -19*p - 1 + 8*p + 12*p. Give d(x).
-7
Suppose -3*l + 9 = -51*t + 48*t, -9 = 5*l - t. Let k(y) = -168*y - 504. Determine k(l).
0
Let l = 33 - 31. Suppose -l*g - 10 = -4*g. Let a(f) = -1 + 2*f**2 - 5*f**3 + 2*f + 6*f**3 - g*f**2. Calculate a(1).
-1
Let c(h) = -5*h + 2*h + 8 + h. Let g = -3110 - -3117. Determine c(g).
-6
Let l = 257 - 398. Let i = 155 + l. Let q(y) = -y**2 + 15*y - 11. What is q(i)?
3
Suppose 3*s = 2*s - 2, 0 = 2*w - 5*s - 178. Let v(l) = w*l - 44*l - 2 - 43*l. Give v(5).
-17
Let h(n) = -4*n**3 + n**2 + 2*n + 1. Let g = 30 - 31. Let p be h(g). Let o(s) = -p + 9*s + 2 - 2 + 3. Give o(1).
8
Let t(b) = -b**2 + 1. Let z(h) = -7*h**3 - 5*h**2 + 2*h + 6. Let w(r) = 5*t(r) - z(r). Let p = 33 + -34. What is w(p)?
-6
Let b(m) = -2*m**2. Suppose 3*g + 4*f = -148, 0 = -2*g - g - 2*f - 158. Let w = 56 + g. Suppose w = -10*r + r - 9. What is b(r)?
-2
Let i(r) = -8*r**3 + 12*r**2 - 8*r + 40. Let m(l) = -31*l**3 + 46*l**2 - 31*l + 162. Let k(a) = 23*i(a) - 6*m(a). Give k(0).
-52
Let v be (-6)/(-5)*(5 - 0). Let k(z) = 11*z**2 + 2*z + 1. Let w be k(-1). Let f(g) = 2*g + 5 + w - g - 13. Calculate f(v).
8
Let u(x) = -15 + 3 - 21 - 43*x + 29*x. Give u(12).
-201
Let j(n) = 2*n + 19. Let u(s) = 2*s + 11. Let q(z) = -5*j(z) + 6*u(z). Calculate q(28).
27
Suppose -7*m + 3*m + 26 = x, m - 16 = -5*x. Let i(o) = 0 - 11*o**2 - 19*o**3 + 18*o**3 + 6*o**2 + 7*o + m. Determine i(-6).
0
Let j(v) = -2*v**3 + 2*v. Let w be ((-54)/(-45))/(10/6825). Suppose -4*n - w + 827 = 0. Calculate j(n).
-12
Let l be 6/2 - (8 + 0). Let q(v) = -5*v - 6. Let i(r) = 6 - r + 12 - 20. Let n(z) = 4*i(z) - q(z). What is n(l)?
-7
Let r(s) be the first derivative of -7*s**2 + 113*s - 79. Let l be r(8). Let f(o) = -22*o**3 + o**2 - 1. Calculate f(l).
-22
Let p(w) be the third derivative of w**6/120 - w**5/3 + 5*w**4/6 - 29*w**3/6 - 12*w**2 - 2. Determine p(19).
-10
Let n be (90/(-5)*7)/(-1). Let s(l) = -127 + 5*l - l + n - l**3 + 5*l**2 - 5*l. What is s(5)?
-6
Suppose 20*s - 10*s + 30 = 0. Let t be 24/(-8) + s + -2. Let w(k) = -4*k - 9. Determine w(t).
23
Let o = 135 + -103. Let b(u) = -30 - 2 + 18*u + o. Calculate b(-1).
-18
Let r(l) = l - 6. Suppose -464*n + 229*n + 259*n - 120 = 0. Calculate r(n).
-1
Let f(s) be the first derivative of 7*s**2 + 12*s - 1609. Give f(-1).
-2
Let d(q) = -4*q - 2*q - 11*q + q**3 - 5*q + 25 - 33*q**2 - 13*q. Calculate d(34).
-9
Let m(k) = 33*k**2 - 120*k - 5 + 282*k - 155*k. Give m(1).
35
Suppose -5*j - 18 = -11*j. Let k(g) = 15 + 15*g - j*g - 7 + g**2 - 4. Determine k(-11).
-7
Let n be -1 - 4/(-8)*2. Let v(q) = 2*q + 1. Let s be v(n). Let o(u) = -3 - 2 - 3*u + 4. Calculate o(s).
-4
Let r be (-21)/6*5252/1547 - (-2)/(-17). Let j(h) = h**3 + 11*h**2 - 13*h + 14. What is j(r)?
26
Let x(h) = 4*h**2 - 1. Let j be 56/70 - 4/5. Suppose -5*c + 7 = 3*r + 2, j = c + 4*r + 16. Suppose -2*t - c*n = 12, -5*n - 25 = 3*t - 9. Give x(t).
15
Let h(k) = k**2 - 35 + 14*k + 7*k - 23*k + 34. Let j(m) = m + 2. Suppose -l + 3 = -0*l. Let x be j(l). Give h(x).
14
Let s = 187991 - 187989. Let g(u) = -2*u + 3. Let l(o) = 6*o - 6. Let k(a) = 7*a - 7. Let y(j) = -5*k(j) + 6*l(j). Let c(m) = -2*g(m) - 7*y(m). Calculate c(s).
-5
Let v be 140/6 + (-3)/9. Let c = -15 + v. Let u(m) = 5 - 12 + 4*m**2 + m + c. What is u(-2)?
15
Let d = -26025 - -25988. Let f(i) = 7*i**2 + 260*i + 43. Give f(d).
6
Let b(o) = -68*o**2 - 4*o + 9. Let g(x) = -114*x**2 - 7*x + 15. Let p(j) = -5*b(j) + 3*g(j). Calculate p(-2).
-6
Let h(d) = 8*d + 151. Let s be h(-17). Let m(w) = -3*w + 5 + s*w**3 - 2*w**2 - 14*w**3 - 2*w**2. Determine m(4).
-7
Let d(m) = -9*m - 29. Let w be d(-2). Let y(n) = n**3 + 11*n**2 - 13*n - 21. Calculate y(w).
122
Let t be (-12)/(-3 + -1*10/(-5)). Let y(b) = 0*b + b**3 + 9*b**2 + 2*b - t*b**2 + b. Give